100 = 2*b. Suppose 5*w = 5*j - b, 13 + 19 = 4*j + 4*w. What is the units digit of j?
6
Suppose 31*s - 15726 = 15057. What is the units digit of s?
3
Let h(k) = 14*k + 11. Let r(v) = -v**2 + 5*v + 11. Let f be r(0). What is the units digit of h(f)?
5
Let u = -26 + 4. Let w = u + 25. What is the units digit of 2/(3/234*w)?
2
Let p(r) = 2*r**2 + 4*r - 8. Let x be p(-8). Suppose 4*o + 54 = z + 2*o, 2*z = -o + x. What is the units digit of z?
6
Let z(k) = 3*k**3 - 2*k**2 - 3*k + 2. Let m(i) = i**2 - 2*i - 1. Let c be m(3). What is the units digit of z(c)?
2
Let o(x) = x**3 - 23*x**2 + 12*x + 29. What is the units digit of o(24)?
3
Suppose -r + 24 = 3*r. Suppose r*z = 7*z + 31. Let c = -17 - z. What is the tens digit of c?
1
Let v = 8556 - 5189. What is the hundreds digit of v?
3
Suppose 9294 = 8*u - 10394. What is the units digit of u?
1
Let b be (-15)/(-2) - 5/(-10). Suppose 126 = -b*d + 934. Suppose -4*c - 25 = -d. What is the tens digit of c?
1
Let y = 87 + -43. Suppose -2*d + y + 60 = 2*i, 0 = d - 5*i - 82. What is the units digit of d?
7
Let w(b) = 4*b + 400. What is the hundreds digit of w(0)?
4
Suppose -9*b + 386 = -9865. What is the hundreds digit of b?
1
Suppose 0 = 43*h - 42*h - 1006. What is the units digit of h?
6
Suppose 210 = 6*v - 1134. What is the hundreds digit of v?
2
What is the units digit of ((42/12)/(-7))/(1/(-2338))?
9
Let s(q) = q**2 - 2*q - 52. Let m be s(-7). What is the units digit of (-22)/m*(-37)/2?
7
Let q = 5 + 17. Suppose 5*s - 1 = 2*l + q, 0 = 4*s - 20. What is the units digit of l?
1
Suppose 0 = 12*w - 19506 - 3510. What is the units digit of w?
8
Suppose -5*a = 2*s - 6, 0 = -a - 2*s + 3*s - 3. Suppose a = -5*x + 11 + 259. What is the tens digit of x?
5
Let o(r) = -r**2 + 5. Let m be o(0). Suppose 9*g = 4*g - m. What is the units digit of ((-15)/(-9) - g)*3?
8
Let y = -168 + 545. What is the units digit of y?
7
Let t(f) = 5*f**2 - 3*f + 4. What is the units digit of t(10)?
4
Suppose -8 = -3*l + 4*l. Let u be 132/11*2/1. Let b = u + l. What is the tens digit of b?
1
Suppose -9*c + 666 + 20853 = 0. What is the hundreds digit of c?
3
Suppose -4*h - 597 = -3*f, -3*h + 602 = -7*h + 2*f. Let w = 55 - 60. What is the tens digit of h/(-7) + w/(-35)?
2
Let n(w) = 12*w + 36. Let c be n(-8). Let p = -55 - c. What is the units digit of p?
5
Suppose 11*f + 24 + 9 = 0. Let o(x) = x**2 + 4*x + 3. Let y be o(-7). Let p = f + y. What is the units digit of p?
1
Let w = -15 - -17. Suppose o = -1 - 1, -p - w*o = 0. Suppose 0*a - a = 0, 3*a + p = 4*z. What is the units digit of z?
1
Suppose -78*m + 38070 = -51*m. What is the tens digit of m?
1
Let i = -84 - -1677. What is the thousands digit of i?
1
Let p = -33 + 67. Suppose 0*d = d - p. Let z = 78 - d. What is the units digit of z?
4
Let m = -557 - -850. What is the units digit of m?
3
Let v = 627 + 115. What is the tens digit of v?
4
Let n be (-1)/(-4) - (-211)/4. Let y(m) = -34*m**3 - 2*m**2 + 3*m - 2. Let c be y(1). Let d = n + c. What is the units digit of d?
8
Suppose -33*x = -15*x - 2106. What is the tens digit of x?
1
Suppose 365 = 5*n - 20. Let o = 171 - n. What is the units digit of o?
4
What is the tens digit of (3/6)/(46/136436)?
8
Suppose 3*u = 2*l + 2571, 4*u + 0*u + 4*l - 3448 = 0. What is the tens digit of u?
5
Let r(n) be the second derivative of n**7/2520 + n**6/120 - n**4/12 - 3*n. Let w(o) be the third derivative of r(o). What is the units digit of w(-8)?
6
Let i = 10 - 10. Suppose i = 5*u - 439 + 119. What is the tens digit of u?
6
Let m(s) = s**2 + 7*s - 6. Let y be m(-8). Suppose -y = 3*w - 4*w. Suppose 0 = -u - 2, 0*l + 38 = w*l - 3*u. What is the units digit of l?
6
Let f(j) = j**3 - 8*j**2 + 8*j - 5. Let h(l) = -12*l - 4. Let q be h(-1). What is the units digit of f(q)?
9
Let m(c) = c**2 + 9*c + 5. Suppose 4*n + 17 - 1 = 0. Let a be m(n). Let t = 39 + a. What is the tens digit of t?
2
Suppose -6*g - 30 + 12 = 0. What is the units digit of 6*7*((-10)/g + -3)?
4
Let d(w) = -w**2 - w + 1. Let o(s) = -2*s**2 - 5*s - 54. Let m(l) = 3*d(l) - o(l). What is the units digit of m(0)?
7
Let f be (0 - -1)*(16 + 111). Let s = f + -55. What is the tens digit of s?
7
Let h = 440 + 61. What is the tens digit of h?
0
Suppose 5*i = i + 2*u - 6, 4*u + 27 = -5*i. What is the units digit of ((-56)/(-12))/(i/(-9))?
4
Let s = 3551 + -1666. What is the tens digit of s?
8
Let s(k) = -k - 11. Let l be s(-11). Suppose -6*w - 280 = -11*w - 4*g, l = -2*w - 3*g + 119. What is the tens digit of w?
5
Let a be ((-288)/(-15) + -4)/((-2)/(-10)). Let y = a + -37. What is the units digit of y?
9
What is the thousands digit of 9 + (8 - 5 - -1775)?
1
Suppose -9*u + 23 = -31. Let f = u + 35. What is the tens digit of f?
4
Let o = 9 - 8. Let r be o + 1/(-1) + 4. Suppose 0*w = r*b + 4*w - 52, -b + 19 = -w. What is the units digit of b?
6
Let u = 17 + -8. Let f(d) = d**2 - 5*d + 2. What is the tens digit of f(u)?
3
Let d = -851 + 1309. What is the tens digit of d?
5
Let c(b) = -63*b**3 + b**2. Let w be c(-1). Let y = w + -41. Suppose -5 = u - y. What is the tens digit of u?
1
Let z = -2 - -6. Suppose 3*s + s - 5*n = 516, z*n = 16. What is the hundreds digit of s?
1
Suppose -2 + 6 = j. Suppose 16 = 4*o - v + 3*v, 0 = -3*o + 2*v + 5. Suppose -4*q + o*g + 111 - 19 = 0, g - j = 0. What is the tens digit of q?
2
Let z(k) be the second derivative of -k**3/6 + 3*k. Let r be z(1). What is the units digit of 0 - (-21 + 2 + r)?
0
Let o be ((-8)/12)/((-2)/12). Suppose -o*l + 10 = l. Suppose 0 = -p + 3*b + 46, -l*b = -0*p + 2*p - 108. What is the units digit of p?
2
Let k = -5 - -18. Suppose -d - 8 = -k. Suppose -u = -d*m + 2 - 46, 2*m + 10 = 0. What is the units digit of u?
9
Suppose -187*f = -177*f - 8830. What is the hundreds digit of f?
8
Let c = -46 - -51. Suppose 3*n + 190 = c*n. What is the units digit of n?
5
Suppose -10 = -3*r + 41. Let w = r + -18. What is the tens digit of (w - 114/(-2)) + 4?
6
Let h = -4348 + 7825. What is the units digit of h?
7
Let j = 302 - -1389. What is the thousands digit of j?
1
Let f = 25 - 23. Suppose g = -f*g. Suppose g*c = 4*c - 148. What is the tens digit of c?
3
Let w(q) = q**2 - 7*q - 2. Let j(v) = v**3 - 5*v**2 - 7*v. Let z be j(6). Let f be 6/(-12) - 75/z. What is the units digit of w(f)?
8
Suppose -g - g + 42 = 0. Let a = g + 29. Suppose -5*l = u - a, -2*l + 2*u - 5*u + 33 = 0. What is the units digit of l?
9
Suppose -11*g + 735 = -6*g. What is the tens digit of (2*-1)/14 - (-27510)/g?
8
Let x be ((-7)/(-3))/(12/36). Let g = -6 + 4. Let v = x - g. What is the units digit of v?
9
Let p(f) be the first derivative of 6*f**3 - 5*f**2/2 + f - 21. What is the units digit of p(2)?
3
What is the tens digit of -9 + (-15738)/(-6) + -5?
0
Suppose s + 582 = -5*s. Let u = -61 - s. What is the units digit of u?
6
Suppose 0 = 2*j - 5*k - 3994, 3*j - 10*k - 5991 = -12*k. What is the hundreds digit of j?
9
Suppose z - 2 = 0, 0 = -h - 3*h - 4*z + 3836. What is the tens digit of h?
5
Let f be ((-2)/4)/(2/48). Let r(s) = s**2 + 11*s - 8. Let y be r(f). What is the units digit of (-4 + 6)*18/y?
9
Let h(z) = 4*z**3 + 2*z**2 - 2*z - 5. Let a be h(-3). What is the units digit of -4 - (a + -1) - 0?
6
Let h = 19 + -41. Let w = 98 + h. What is the tens digit of w?
7
Let b be (-1 - 615/6)/(3/4). Let h = -80 - b. What is the units digit of h?
8
Let u = 162 - -26. Suppose 0 = 58*g - 56*g - u. What is the tens digit of g?
9
What is the units digit of (168/(-18))/(-14) + 2990/6?
9
Suppose 2*l = -0*l - 6, -s - 5*l = -13. Suppose 0 = 9*y - 18*y + 81. Suppose v = s - y. What is the tens digit of v?
1
Suppose -77*z + 132389 = -68273. What is the units digit of z?
6
Let c(i) = -i**3 - 8*i**2 + 10*i + 4. Let z be c(-9). Let l be (-12)/(-5)*z/(-2). Suppose -56 = -k + u, 4*k + l*u = 2*u + 184. What is the tens digit of k?
5
Let k = 860 + -660. What is the tens digit of k?
0
Let u = -82 + 80. What is the units digit of (-1 - u/(-4))*(-1140)/18?
5
Let b be 7511/37 - (1 - (-4)/(-1)). Suppose 2*z - b = -2*c - 26, 5*c = 3*z - 246. What is the units digit of z?
7
Let q = 97 + -97. Suppose 0 = -j + 3*z + 102, q = -j - 4*j - 3*z + 420. What is the units digit of j?
7
Let v = -3760 - -6671. What is the hundreds digit of v?
9
Let y = 4 + -3. Suppose 10 = 3*b + y. Suppose 0*i + b*k = -2*i + 34, 0 = 3*i + k - 37. W